are the prime factors of 5527?
5527
List the prime factors of 8906123.
8906123
What are the prime factors of 630667?
19, 1747
What are the prime factors of 3520378?
2, 659, 2671
What are the prime factors of 19221811?
7, 97, 28309
List the prime factors of 39626006.
2, 7, 29, 73, 191
List the prime factors of 469021.
7, 67003
List the prime factors of 3635175.
3, 5, 19, 2551
List the prime factors of 1365151.
17, 131, 613
List the prime factors of 166494.
2, 3, 27749
List the prime factors of 7495355.
5, 7, 23, 9311
What are the prime factors of 163283?
269, 607
What are the prime factors of 2630465?
5, 173, 3041
What are the prime factors of 304423?
7, 157, 277
List the prime factors of 657249.
3, 219083
What are the prime factors of 1435121?
1435121
List the prime factors of 1135917.
3, 42071
List the prime factors of 5520020.
2, 5, 11, 2281
What are the prime factors of 11825003?
239, 49477
What are the prime factors of 179492?
2, 23, 1951
List the prime factors of 614271.
3, 7, 29251
What are the prime factors of 21772259?
21772259
What are the prime factors of 341898?
2, 3, 56983
What are the prime factors of 234594?
2, 3, 13033
List the prime factors of 49440.
2, 3, 5, 103
List the prime factors of 309291.
3, 131, 787
List the prime factors of 1178670.
2, 3, 5, 101, 389
What are the prime factors of 6360255?
3, 5, 11, 4283
What are the prime factors of 4328840?
2, 5, 31, 3491
What are the prime factors of 247795?
5, 49559
List the prime factors of 31058478.
2, 3, 11, 29, 601
List the prime factors of 1780220.
2, 5, 13, 41, 167
List the prime factors of 8726429.
179, 48751
What are the prime factors of 8099867?
43, 188369
List the prime factors of 369092.
2, 53, 1741
What are the prime factors of 832015?
5, 166403
List the prime factors of 14129035.
5, 167, 16921
What are the prime factors of 1480256?
2, 101, 229
What are the prime factors of 166549?
17, 97, 101
What are the prime factors of 5835343?
5835343
What are the prime factors of 1796523?
3, 598841
What are the prime factors of 24447592?
2, 13, 31, 7583
What are the prime factors of 985625?
5, 19, 83
List the prime factors of 130409.
130409
List the prime factors of 1303494.
2, 3, 89, 2441
List the prime factors of 7000816.
2, 19, 23029
What are the prime factors of 5111111?
59, 86629
List the prime factors of 630180.
2, 3, 5, 389
What are the prime factors of 96876?
2, 3, 13, 23
List the prime factors of 111337.
111337
What are the prime factors of 33892?
2, 37, 229
What are the prime factors of 1065771?
3, 7, 5639
List the prime factors of 12878383.
7, 1839769
What are the prime factors of 248301?
3, 47, 587
List the prime factors of 2929318.
2, 7, 71, 421
List the prime factors of 11889395.
5, 7, 37, 9181
List the prime factors of 4752799.
223, 21313
List the prime factors of 8729563.
8729563
List the prime factors of 230934.
2, 3, 11, 3499
List the prime factors of 39370.
2, 5, 31, 127
What are the prime factors of 1314124?
2, 7, 46933
What are the prime factors of 627361?
7, 19, 53, 89
List the prime factors of 4431140.
2, 5, 7, 31, 1021
List the prime factors of 4658660.
2, 5, 109, 2137
What are the prime factors of 371425?
5, 83, 179
List the prime factors of 2491230.
2, 3, 5, 7, 11863
List the prime factors of 202624.
2, 1583
List the prime factors of 23204719.
19, 64279
List the prime factors of 4837008.
2, 3, 11, 9161
What are the prime factors of 4728720?
2, 3, 5, 17, 19, 61
What are the prime factors of 4991364?
2, 3, 7, 29, 683
List the prime factors of 576590.
2, 5, 7, 8237
List the prime factors of 1341122.
2, 31, 97, 223
List the prime factors of 85170.
2, 3, 5, 17, 167
What are the prime factors of 64424?
2, 8053
What are the prime factors of 431038?
2, 127, 1697
List the prime factors of 9169148.
2, 43, 53309
List the prime factors of 1999088.
2, 7, 13, 1373
What are the prime factors of 9081768?
2, 3, 378407
What are the prime factors of 169295?
5, 7, 691
What are the prime factors of 1314425?
5, 7, 29, 37
List the prime factors of 1002774.
2, 3, 37, 4517
What are the prime factors of 937116?
2, 3, 8677
What are the prime factors of 530180?
2, 5, 7, 541
List the prime factors of 133886.
2, 66943
List the prime factors of 1497943.
1091, 1373
List the prime factors of 47266.
2, 23633
What are the prime factors of 51587?
79, 653
What are the prime factors of 244740?
2, 3, 5, 4079
What are the prime factors of 433115?
5, 29, 103
What are the prime factors of 3349794?
2, 3, 7, 79757
What are the prime factors of 4287988?
2, 337, 3181
What are the prime factors of 10422641?
37, 43, 6551
What are the prime factors of 15777767?
1783, 8849
List the prime factors of 7301397.
3, 479, 5081
What are the prime factors of 914746?
2, 7, 223, 293
List the prime factors of 205353.
3, 22817
What are the prime factors of 59124?
2, 3, 13, 379
List the prime factors of 310208.
2, 37, 131
What are the prime factors of 465683?
457, 1019
List the prime factors of 5286505.
5, 7, 131, 1153
What are the prime factors of 170042?
2, 85021
List the prime factors of 10046854.
2, 89, 56443
What are the prime factors of 227446?
2, 113723
List the prime factors of 92113.
7, 13159
List the prime factors of 3724230.
2, 3, 5, 43, 2887
What are the prime factors of 3794699?
19, 199721
What are the prime factors of 361722?
2, 3, 19, 167
What are the prime factors of 1229446?
2, 89, 6907
What are the prime factors of 1104145?
5, 7, 31547
List the prime factors of 206885.
5, 7, 23, 257
List the prime factors of 226812.
2, 3, 41, 461
What are the prime factors of 739420?
2, 5, 11, 3361
List the prime factors of 18389439.
3, 967, 2113
List the prime factors of 335181.
3, 7, 11, 1451
List the prime factors of 5091421.
41, 124181
List the prime factors of 597436.
2, 7, 19, 1123
List the prime factors of 2810394.
2, 3, 43, 3631
List the prime factors of 22935494.
2, 563, 20369
List the prime factors of 32073433.
7, 4581919
List the prime factors of 14039848.
2, 199, 8819
List the prime factors of 3348932.
2, 17, 2897
What are the prime factors of 759040?
2, 5, 593
What are the prime factors of 3640288?
2, 113759
List the prime factors of 481158.
2, 3, 26731
What are the prime factors of 658123?
658123
What are the prime factors of 6501009?
3, 2167003
What are the prime factors of 593269?
571, 1039
List the prime factors of 571421.
17, 33613
List the prime factors of 299760.
2, 3, 5, 1249
List the prime factors of 1927436.
2, 7, 19, 3623
What are the prime factors of 6254527?
6254527
List the prime factors of 4865063.
7, 43, 2309
What are the prime factors of 348173?
7, 49739
What are the prime factors of 1320879?
3, 7, 31, 2029
List the prime factors of 13290081.
3, 7, 131, 4831
What are the prime factors of 1804942?
2, 902471
What are the prime factors of 63992?
2, 19, 421
What are the prime factors of 329951?
329951
What are the prime factors of 28748041?
7, 4106863
What are the prime factors of 6144859?
7, 877837
List the prime factors of 3079352.
2, 384919
List the prime factors of 265441.
11, 59, 409
What are the prime factors of 640447?
197, 3251
List the prime factors of 15144441.
3, 13, 388319
List the prime factors of 247489.
11, 149, 151
List the prime factors of 13427104.
2, 419597
What are the prime factors of 9517034?
2, 4758517
What are the prime factors of 20245945?
5, 31, 130619
What are the prime factors of 752915?
5, 150583
What are the prime factors of 27117751?
27117751
What are the prime factors of 1579544?
2, 347, 569
What are the prime factors of 1199751?
3, 7, 57131
What are the prime factors of 1227833?
1227833
What are the prime factors of 332798?
2, 166399
List the prime factors of 506250.
2, 3, 5
What are the prime factors of 251669?
11, 137, 167
List the prime factors of 306527.
13, 17, 19, 73
What are the prime factors of 644175?
3, 5, 7, 409
What are the prime factors of 578806?
2, 251, 1153
What are the prime factors of 276756?
2, 3, 23063
What are the prime factors of 3275797?
7, 66853
List the prime factors of 6924507.
3, 2308169
What are the prime factors of 1163163?
3, 387721
What are the prime factors of 22871313?
3, 43, 113, 523
What are the prime factors of 487293?
3, 19, 83, 103
What are the prime factors of 6195204?
2, 3, 19121
What are the prime factors of 12307